d - 58. Let g be t(-27). Suppose l - 6 = -2*r, -r - 5*l = -3*r - 6. What is the highest common divisor of r and g?
2
Suppose 23*p = 6803 + 3064. What is the greatest common factor of 44 and p?
11
Let j(r) = 2*r**2 - 71*r - 780. Let y be j(48). Calculate the highest common factor of y and 192.
12
Suppose -i + 3*z + z + 9 = 0, 2*z = 4*i - 22. Suppose 0*n - n = -i*n. Suppose 4*o - 148 + 4 = n. Calculate the highest common factor of o and 9.
9
Suppose 0 = 26*o - 27*o + 7. Suppose 1 = -o*h + 8. Let s be (h + -4)*(4/6 - 2). Calculate the highest common divisor of s and 18.
2
Let y(s) = -293*s**2 - s - 15 + 4*s - 14 - 2*s**3 + 276*s**2. Let p be y(-9). Calculate the highest common divisor of p and 1.
1
Let y(u) = -2*u**2 - 10*u - 5. Suppose 1 = 2*p + 19. Let b be y(p). Let j = -69 - b. What is the greatest common divisor of 24 and j?
8
Suppose -570 = -3*d - 2*d. Let f be (14/273 - (-2156)/546)*2. Let h be (25/(-20) - -1) + d/f. What is the greatest common divisor of h and 14?
14
Suppose 2*x - 7252 = -3*d, 2*d - 3*x - 2869 - 1983 = 0. Suppose 11*p - d = p. Calculate the greatest common divisor of 11 and p.
11
Let s(m) = 8*m + 40. Let i be s(-5). Suppose -r + 5 = -5*o - i, 4*r - 37 = 3*o. Suppose 0 = x - r*x + 108. Calculate the highest common divisor of 276 and x.
12
Suppose 0 = 10*f - 139 - 191. Suppose 4*z + 56 = 12*z. Suppose 4*v + 165 = z*v. What is the greatest common divisor of v and f?
11
Let z(v) = v**3 - 12*v - 13. Let o be z(-3). Let t be (8096/(-230))/(o/10). What is the greatest common factor of 99 and t?
11
Let f(z) be the second derivative of z**4/12 + z**3/3 - z**2/2 + z - 6. Let s be f(7). What is the greatest common factor of 217 and s?
31
Let s(f) = 27*f + 3. Let y = -357 - -360. Let o be s(y). Calculate the highest common factor of o and 36.
12
Let o(g) = -g**3 + g**2 - g + 8. Let y be o(0). Suppose 3*w + 2*l = 49, -5*l + y = -l. Let n = 6237 + -6207. Calculate the highest common divisor of n and w.
15
Suppose 733789 + 271691 = 171*h. Calculate the greatest common divisor of h and 56.
56
Suppose -34*m - 1135 = -5451 - 444. Suppose c = 3*h + 2*h + 36, -3*c = h - 172. What is the highest common divisor of c and m?
28
Let b = -13283 + 13613. Calculate the greatest common divisor of 759 and b.
33
Let t = 491 + -338. Suppose 0 = 9*u + 21 - 48. Calculate the highest common divisor of t and u.
3
Suppose -20*s = -9*s - 1716. Let q = s - 21. What is the highest common factor of q and 27?
27
Suppose 202*c + 565 + 395 = 226*c. Calculate the greatest common divisor of 2020 and c.
20
Let r(h) = 26*h**2 + 5*h + 6. Let m be r(-3). Suppose 4*w = -4*f + 31 + m, -3*w - 312 = -5*f. Calculate the greatest common divisor of f and 7.
7
Let d = 11320 - 11215. Calculate the greatest common factor of 15 and d.
15
Let l(n) = -n + 17. Let x be l(0). Let i(u) = 9*u - 117. Let s be i(x). What is the greatest common factor of s and 4?
4
Let p be -2 - -138 - 2*(-4)/(80/70). What is the highest common divisor of p and 374?
11
Let d be -2*(9/(-6) - (-1)/2). Suppose -2*n - c - 6 = -2*c, d*c = -4*n - 28. Let q be (-301)/(-35) + (-2)/n. Calculate the greatest common divisor of q and 18.
9
Let t = 109 + -77. Suppose 4*x - t = 36. Let w = -344 + 361. What is the greatest common divisor of x and w?
17
Let z = 207 + -155. Let i = z + -6. What is the greatest common factor of 46 and i?
46
Suppose -45 = 8*z - 285. Let l(o) = o + 18. Let x be l(z). What is the greatest common factor of x and 256?
16
Let w(q) = q**2 - 35*q + 196. Let u be w(28). Suppose 16*s + 39*s - 1650 = u. Calculate the highest common factor of s and 510.
30
Let p be (7 - -35) + -2 + 2/(-1). Let k = 257 - -256. What is the greatest common factor of p and k?
19
Let o(m) = 6*m**2 - 43*m + 88. Let y be o(18). Calculate the highest common factor of y and 74.
74
Suppose 7*l = l. Let a be 72 + (-5 - (l + 1)). Suppose -3*d = 2*u - 35, 1 = -2*u + 3*d + 54. Calculate the highest common divisor of a and u.
22
Let j be (31 + -57)/(57/30 + -2). What is the highest common divisor of 156 and j?
52
Suppose -19*q + 22*q = 33. Suppose 0 = 23*n - 12*n - q. What is the highest common factor of n and 27?
1
Suppose o = -a + 7, 0 = -2*o - 0*o + 4. Suppose -z + 17 = 3*h, a*z + 4*h - 57 = 39. Calculate the highest common divisor of 180 and z.
20
Let g = -2895 + 2900. Calculate the greatest common factor of g and 80.
5
Suppose 1601 = -3*u - 232. Let q = u - -645. Let c = -2 + 87. Calculate the highest common divisor of q and c.
17
Suppose p = 2*u - 20213, -18*p + 16*p = 5*u - 50564. Calculate the greatest common factor of u and 30.
30
Let q = -1375 + 2842. What is the highest common divisor of q and 815?
163
Suppose -i = 4*i - a - 57157, 4*i + a = 45713. Calculate the greatest common factor of i and 18.
18
Suppose -30*h + 5*y = -26*h - 30, -12 = -2*h + 4*y. Suppose 5*v = -3*l + 7*l + 54, 5*v = l + 51. Calculate the greatest common factor of v and h.
10
Let b(x) = -x**3 + 36*x**2 - 145*x - 6. Let y be b(6). Calculate the highest common divisor of y and 708.
12
Let a(k) = -2*k**2 - 168*k + 396. Let z be a(-84). What is the greatest common divisor of z and 198?
198
Suppose 4*v - 34 = -j, 15 = -4*j - 3*v + 164. Let i(l) = -l + 8 + 4*l - l + j. Let q be i(-11). What is the greatest common divisor of q and 36?
12
Let w be ((-1)/1 - 3/6)*(-650 + 2). Calculate the highest common factor of 612 and w.
36
Suppose -2*f + 7729 = 3*p + 37, 10256 = 4*p - 2*f. Calculate the greatest common factor of 4 and p.
4
Let w = 1 - -6. Let f(i) = 52*i**3 - 24*i**2 + 68*i - 29. Let o be f(2). What is the highest common factor of o and w?
7
Let h(u) = 91*u + 1. Let n be h(1). Let v(o) = 10*o**2 + 211*o - 276. Let j be v(-23). Calculate the greatest common factor of j and n.
23
Let y = -394 - -679. What is the highest common divisor of 120 and y?
15
Suppose -8*c + 4*c + i = -152, c - 38 = -2*i. Let b be 36/(-342) + 498/c. Calculate the highest common divisor of 169 and b.
13
Suppose 35853 = 31*r + 26*r. What is the highest common divisor of r and 34?
17
Let v(s) = -28*s + 11. Let t be v(-12). Let l = t + -196. Suppose 0 = -2*r + l + 171. Calculate the greatest common divisor of r and 23.
23
Suppose 4*v - 29*j + 26*j - 118 = 0, 0 = -3*v + 3*j + 90. What is the greatest common factor of v and 104?
4
Suppose 24 = 2*w - 4*i - 0, -5*w - i = -5. Suppose w*k = k - u + 5, u = 0. Suppose 18*o - 78*o = -1200. Calculate the highest common factor of k and o.
5
Suppose 4*p - n - 115 = 0, -3*n - 54 = -3*p + 39. Let r(z) = 125*z**2 - 405*z + 68. Let t be r(4). What is the highest common factor of p and t?
28
Suppose 0 = -0*b - 3*b + 4*c - 10, -2 = -3*b + c. Let q(j) = -7*j**2 + 9*j + 1. Let d be q(4). Let v = 79 + d. Calculate the greatest common divisor of b and v.
2
Let f(u) = -u**2 + u. Let n be f(0). Suppose n = -l - 4*l + 330. Suppose -5*d - 2*a + 837 = 0, 2*a - 8 - 4 = 0. What is the greatest common factor of d and l?
33
Suppose -142*j - 230*j + 3392268 = 0. What is the greatest common factor of j and 22?
11
Suppose 0 = 5*v - 3*l - 465, -147 - 247 = -4*v - 2*l. Suppose -252*f = 280*f - 6384. What is the highest common divisor of f and v?
12
Let w = -110 + 115. Suppose t = 8*y - 4*y - 222, -w*t + 210 = 4*y. Let b = y + 65. Calculate the greatest common divisor of b and 15.
15
Let m = 4637 + -4622. What is the greatest common divisor of m and 655?
5
Suppose -192*c = -184*c - 1528. Let n = 209 - c. What is the greatest common factor of 81 and n?
9
Let v(x) = 2*x**2 - 843*x - 5058. Let r be v(-6). What is the highest common factor of 1548 and r?
36
Let u(v) = -27*v - 143. Let l be u(-28). Suppose 18*y - 35 - l = 0. What is the highest common factor of y and 24?
12
Let j(v) = -v**3 - 7*v**2 - 3*v - 2. Let w be j(-8). Let z = w + -138. Let c = 3 - z. What is the greatest common factor of 22 and c?
11
Let p(m) = 1718*m + 1720. Let q be p(-1). Calculate the highest common factor of q and 11220.
2
Suppose 13*y - 20630 = 20632. Let g = -2054 + y. What is the greatest common divisor of 70 and g?
70
Let y(n) = 74*n**2 - 12*n - 140. Let o be y(-4). Calculate the highest common factor of 588 and o.
84
Let c be (965/(-10))/((-4)/24). Let q = -565 + c. Calculate the highest common divisor of 126 and q.
14
Suppose 727 = -25*c + 3427. Calculate the highest common divisor of 5076 